 0 = l + 4*n - 3 - 19. Calculate the remainder when l is divided by 6.
4
Suppose -13 = -3*f - 5*s, 4*f + 5*s = 15 + 4. What is the remainder when 8 is divided by f?
2
Suppose -3*o + 334 = -59. Calculate the remainder when o is divided by 22.
21
Let j(i) = i**2 + 14*i + 6. Let v be j(-10). Let b = 65 + v. Calculate the remainder when b is divided by (-4 - -2)/(4/(-22)).
9
Suppose 2*f + 2*f - 52 = 0. Let z(b) = -b + 12. Let j be z(10). Calculate the remainder when 708/28 - j/7 is divided by f.
12
Let w(m) = m + 24. Calculate the remainder when 25 is divided by w(-10).
11
Suppose 154 = 2*n - 0*n. What is the remainder when n is divided by 26?
25
Let b(d) = -d**3 - 6*d**2 - 10*d - 27. Calculate the remainder when 128 is divided by b(-6).
29
Let i = 3 - 2. Suppose 0*f + f + i = 2*k, k + 2*f = 13. Calculate the remainder when k is divided by 3.
0
Let r(y) = y**3 - 4*y**2 - 16*y + 4. Calculate the remainder when r(7) is divided by 6.
3
Suppose 12 = 3*m - 6. Let j = 2 - -1. Suppose j*y - 2*y - 11 = 0. What is the remainder when y is divided by m?
5
Let b(a) = 6*a + 9. Calculate the remainder when b(7) is divided by 14.
9
Let r(h) = -4*h. Let y be r(-2). Suppose -130 = -y*a + 3*a. What is the remainder when a is divided by 14?
12
Suppose 0*j - 5*j - 40 = -g, 64 = 2*g - 2*j. Suppose -3*m + g = 2*m. Calculate the remainder when m is divided by 3.
0
Let i = 86 + -51. Suppose -i = -5*j + z, j - 5*z = -14 + 45. Calculate the remainder when j is divided by 2.
0
Let s(f) = 3*f**2 - 5*f**2 + 3 + 15*f + 2*f**2 + f**2. What is the remainder when s(-16) is divided by 7?
5
Let r(d) = 9*d**2 + d - 1. Calculate the remainder when r(1) is divided by (-62)/(-14) + 4*1/7.
4
Suppose -1 = 5*g - 11. Let r = 19 - 9. Suppose j - 201 = -4*m + g*j, -2*j - r = 0. What is the remainder when m is divided by 17?
15
Let g be 126/12*4/(-3). Let q(b) = -b - 3. Let p = -47 + 68. What is the remainder when p is divided by q(g)?
10
Calculate the remainder when 36 is divided by -4*-13*2/8.
10
Suppose 2 = n - 5*c, n + 2*n + c = 6. Let p(m) = 10*m**2 + m + 1. What is the remainder when -2 - (-60)/(n + 1) is divided by p(-1)?
8
Suppose -8 = 2*y, 2*g + y + 3*y - 94 = 0. Calculate the remainder when g is divided by 14.
13
Suppose 0 = -5*c + 2*c - 4*v + 21, 0 = -5*v. Let r(b) = 11*b**2 + 2*b - 1. Suppose 3 = 4*f - f. What is the remainder when r(f) is divided by c?
5
Let j(m) = -5*m - 3. Let t = 5 + -3. Suppose o + 3 = -2*c, -t*o - 2*c = -c + 12. Calculate the remainder when j(o) is divided by 17.
15
Let b(q) = -q**2 - 11*q - 6. Let v be b(-4). Suppose -c + v = c. Suppose -r - 3 + 9 = 0. Calculate the remainder when c is divided by r.
5
Let a be 2/13 - (-96)/52. Calculate the remainder when (-3)/6*(-12)/a is divided by 3.
0
Suppose -m = 2*m. Suppose 3*y - 3*u = m, 5*y + u - 5 = 13. What is the remainder when 4 is divided by y?
1
Let o(b) = -b + 5. Let g be o(0). Suppose 0 = -g*a + 25 + 20. What is the remainder when 33 is divided by a?
6
Suppose -t - 52 = -0*t + 2*z, -58 = t - z. Let g = 85 + t. What is the remainder when g is divided by 15?
14
Suppose -o + 0*o + 6 = 0. Let c(m) = -2*m. Let v be c(o). Let a = 24 + v. What is the remainder when 35 is divided by a?
11
Let c = -7 - -14. Let p(k) = k + 7. Let t be p(c). Suppose 0 = -4*h + 6 - t, 0 = -3*i - 3*h + 66. Calculate the remainder when 70 is divided by i.
22
Suppose 3 - 7 = -2*h. Suppose n + 5*o - 95 = -4*n, -4*o = -3*n + 71. What is the remainder when n is divided by (11/(-2))/(h/(-4))?
10
Let n = -10 + 19. Calculate the remainder when 9 is divided by 3 - -1 - (-9)/n.
4
What is the remainder when 2 + (3 - 3 - 0) is divided by 2?
0
Let u(f) = -f**2 + 8*f - 2. Suppose -4*s = -3*t - 26, -8*s + 12 = -4*s + 4*t. Suppose -s*m - 8 = -98. What is the remainder when m is divided by u(6)?
8
Let b be -3 + -1 + 5 + 2. Let u be (b/(-2))/(3/(-68)). Suppose 32 = 3*m - 5*n, 4*m - 2*n - u = -4*n. What is the remainder when 24 is divided by m?
6
Let v = 7 + 4. What is the remainder when 32 is divided by v?
10
Suppose 0*f + 3*f + 42 = 0. Let s = f + 27. What is the remainder when 23 is divided by s?
10
Suppose 3*x - 4 = 8. Let n be x/(4/5) - 1. Suppose 44 = -n*s + 8*s. What is the remainder when 19 is divided by s?
8
Suppose -3*r = -11*r + 1464. What is the remainder when r is divided by 46?
45
Suppose -7*k + 10 = -151. Let t be (-1)/2 - (-33)/2. Let i = t - 8. What is the remainder when k is divided by i?
7
Calculate the remainder when 4*5/(-10)*-16 is divided by 11.
10
Let x = 49 - -58. What is the remainder when x is divided by 55?
52
Let h(k) = k**3 + 10*k**2 - 12*k + 14. Suppose 0*j = 2*j - b + 21, 2 = -2*b. What is the remainder when 48 is divided by h(j)?
23
Let p = -29 - -31. What is the remainder when (-62)/(-22) - (-6)/33 is divided by p?
1
Let u(n) = 8*n + 4. Let g be u(6). Let a = g - 14. Calculate the remainder when a is divided by 13.
12
Let u(i) = -2*i - 15. Suppose -5*j = 4*w - 11, 2*w = j - 2*w + 17. Calculate the remainder when (-26)/(-2) + (j - -2) is divided by u(-10).
4
Suppose -2*x + 5*q = -8, 2*x - 12 = -x - 5*q. Suppose -3*p + 5*p - 44 = 0. What is the remainder when p is divided by (16/6)/(x/12)?
6
Let f = -44 - -92. Calculate the remainder when f is divided by 17.
14
Let j = -43 - -71. What is the remainder when j is divided by 10?
8
Let o be (6/8)/(5/20). Let k be ((-50)/4 - o)*-2. Calculate the remainder when 0 + 2 + k/1 is divided by 9.
6
Let k(r) = r**3 - 4*r**2 + 2*r. Let c be k(4). Suppose 0 = 2*d - d - 14. Suppose -p = g - c, g + p = 6*p + d. Calculate the remainder when 25 is divided by g.
7
Let z(b) = -49*b + 11. Let j be z(-5). Let v = j - 153. What is the remainder when v is divided by 26?
25
Suppose 0 = -5*d - 13 + 38. Suppose 0 = -f - 2*f + 15. Suppose -2*x = 2*x - k - 35, -5*x + f*k = -55. What is the remainder when x is divided by d?
3
Suppose 2*j - 1 = 23. Suppose -6*q + 134 = 2. Calculate the remainder when q is divided by j.
10
Let t(p) be the first derivative of 2*p**2 - 4*p + 1. Calculate the remainder when 21 is divided by t(4).
9
Let v(w) = -w**2 - 5*w - 9. Let u(a) = -a**2 + a. Let k be u(-2). Let n be v(k). Let m = -6 - n. What is the remainder when 25 is divided by m?
7
Let x = 8 + -3. Suppose -33 = 5*a - 13, 3*s + x*a - 37 = 0. What is the remainder when 35 is divided by s?
16
Calculate the remainder when 2 is divided by (-72)/(-40) - (-2)/10.
0
Suppose 12*f - 146 = 7*f + 4*p, -4*p + 62 = 3*f. What is the remainder when 49 is divided by f?
23
Suppose 82 = 3*p + 4. What is the remainder when 102 is divided by p?
24
Suppose 161 + 29 = 10*s. What is the remainder when 74 is divided by s?
17
Suppose 0 = -h + 4*h - 33. Let m = h - 5. Calculate the remainder when 96/10 - (-4)/10 is divided by m.
4
Let n(z) = 2*z + 2. Calculate the remainder when 14 is divided by n(1).
2
Suppose -66 = -4*h - 5*x, -13 = -2*h + 3*x + 9. What is the remainder when 54 is divided by h?
12
Let t(g) = 1. Let p(u) = -9*u + 5. Let s(l) = -p(l) + 4*t(l). What is the remainder when 14 is divided by s(1)?
6
Let u(o) = -9*o - 51. What is the remainder when 55 is divided by u(-8)?
13
Let v be -3*((-8)/3 + 2). What is the remainder when 10/(-6)*(5 + -38) is divided by 1*-1 - -10*v?
17
Let u(s) = s**2 - 3*s - 5. Calculate the remainder when 51 is divided by u(6).
12
Let y = -43 + 117. Calculate the remainder when y is divided by 22.
8
Let s = -10 - -12. Calculate the remainder when (-405)/18*(s + -4) is divided by 16.
13
Let z = -44 - -89. Suppose 5*q = 5*c + z, -6*q = -4*q - 5*c - 33. Suppose -q*m - m + 40 = 0. What is the remainder when 30 is divided by m?
6
Calculate the remainder when 83 is divided by (-145)/(-7) - 6/(-21).
20
Let h = -29 + 48. Calculate the remainder when 94 is divided by h.
18
Let k(o) = o + 15. Let n = -24 - -36. What is the remainder when n is divided by k(-8)?
5
What is the remainder when 1*-57*(-3)/(-6)*-2 is divided by 15?
12
Calculate the remainder when 286/6 + 8/(-12) is divided by (40 + -39)*(0 - -24).
23
Calculate the remainder when 39 is divided by (-50)/(-4) + 9/6.
11
Let t(d) = d**2 - 13*d + 22. What is the remainder when 141 is divided by t(14)?
33
Calculate the remainder when 35 is divided by (-12)/15*(-60)/8.
5
Let c(h) = 4*h**2 + 2*h + 3. Let j(t) = -t**3 - 8*t**2 - 6*t - 5. What is the remainder whe